4593 prime?
True
Is 358946131 a prime number?
True
Is 196622029 a prime number?
False
Is 251417874817 a prime number?
True
Is 784016654 a prime number?
False
Is 688434341 a prime number?
False
Is 107772745013 a composite number?
False
Is 84928429 composite?
True
Is 173220647 a prime number?
True
Is 20059089481 prime?
False
Is 708591113 a prime number?
True
Is 330909191 a composite number?
False
Is 2753783 prime?
True
Is 14733654961 a prime number?
False
Is 21484129841 prime?
True
Is 1692362437 prime?
True
Is 455883559 composite?
True
Is 44966741 prime?
False
Is 1084968187 prime?
False
Is 5647006891 prime?
False
Is 19867076927 a composite number?
False
Is 33607976827 a composite number?
True
Is 39531528143 prime?
False
Is 677701477 a prime number?
True
Is 749520367 prime?
True
Is 8146785587 composite?
True
Is 68910202931 composite?
False
Is 4006553899 a prime number?
False
Is 30986089 prime?
True
Is 815531117 composite?
True
Is 723288547 prime?
True
Is 1665584411 composite?
True
Is 20580653941 composite?
False
Is 6104319473 composite?
True
Is 1543263149 a composite number?
True
Is 713993093 prime?
False
Is 724843453 prime?
False
Is 31025193587 a prime number?
True
Is 370932251 a prime number?
False
Is 600102673 a composite number?
False
Is 324205397 a composite number?
True
Is 1070676293 a composite number?
False
Is 7461577969 a composite number?
False
Is 88873994059 a prime number?
True
Is 5359417937 a composite number?
False
Is 1623469157 a composite number?
False
Is 123105536557 a prime number?
True
Is 8518003919 prime?
False
Is 33614823211 composite?
False
Is 101145311 a prime number?
True
Is 550868413 composite?
False
Is 4981787681 prime?
False
Is 906622109 a composite number?
False
Is 1138009007 prime?
True
Is 404749097 a composite number?
False
Is 3464591723 prime?
False
Is 2418880907 a prime number?
False
Is 1294310999 a prime number?
False
Is 10955310181 composite?
True
Is 1920823549 a prime number?
True
Is 1209667369 a prime number?
False
Is 21522213887 a composite number?
True
Is 3544799221 a prime number?
True
Is 246151934939 a prime number?
False
Is 172325441 composite?
False
Is 128470757 prime?
False
Is 137234719 prime?
False
Is 94509379 a prime number?
True
Is 1527403615 a composite number?
True
Is 2507792909 a composite number?
False
Is 5272563941 a composite number?
True
Is 4184773969 a prime number?
True
Is 71069477 a composite number?
False
Is 17528642609 a prime number?
True
Is 235250501 a composite number?
False
Is 2203025003 composite?
False
Is 17429288899 composite?
True
Is 27359706433 composite?
True
Is 233772103 prime?
False
Is 58567883 a composite number?
True
Is 1868344945 prime?
False
Is 2715869371 composite?
True
Is 18225928421 a prime number?
True
Is 3288191007 composite?
True
Is 53223289673 prime?
False
Is 1840995037 a composite number?
True
Is 672645679 a prime number?
True
Is 48446897033 prime?
False
Is 5928172687 prime?
False
Is 2890606483 prime?
True
Is 3387041003 composite?
True
Is 1667992301 composite?
True
Is 3151098259 prime?
True
Is 3351779 composite?
False
Is 18172460629 prime?
True
Is 212694539 prime?
True
Is 1448963717 a prime number?
True
Is 3459542817 prime?
False
Is 60587224034 a prime number?
False
Is 1550328973 a prime number?
False
Is 3948630773 a prime number?
True
Is 32166274717 prime?
True
Is 475788211 a prime number?
True
Is 1313630407 prime?
False
Is 135386215901 a composite number?
True
Is 26719657501 a prime number?
True
Is 796418717 a prime number?
True
Is 293936549 a prime number?
True
Is 68092171 composite?
True
Is 39686406805 a composite number?
True
Is 5689015901 composite?
False
Is 219117719 a prime number?
True
Is 3527926771 a prime number?
False
Is 21470947831 composite?
True
Is 428863679 a prime number?
False
Is 1152463931 composite?
False
Is 73029542857 composite?
False
Is 143006321143 a composite number?
True
Is 613167979 composite?
False
Is 5714809523 composite?
False
Is 1739095439 a prime number?
True
Is 84681508523 composite?
True
Is 854442866 a composite number?
True
Is 2842591187 prime?
False
Is 2691026447 composite?
True
Is 41235565409 a composite number?
False
Is 1628917049 composite?
False
Is 13195262279 prime?
False
Is 2156591545 prime?
False
Is 1561331911 composite?
True
Is 128145757 prime?
False
Is 1602160961 prime?
True
Is 1168527053 a composite number?
False
Is 1285491541 prime?
True
Is 309976517 a prime number?
False
Is 8270300782 a composite number?
True
Is 4172001751 a prime number?
True
Is 89437136066 composite?
True
Is 2083093799 a prime number?
True
Is 191612401 a prime number?
False
Is 2769893251 prime?
False
Is 7732180997 composite?
False
Is 442498109 a composite number?
False
Is 25960432591 prime?
False
Is 50651362373 prime?
True
Is 2401280131 composite?
True
Is 2611071691 a composite number?
False
Is 28382423495 a composite number?
True
Is 28075969967 a composite number?
False
Is 1119119011 prime?
True
Is 78865265 a composite number?
True
Is 2246674697 a prime number?
False
Is 562027033 a prime number?
False
Is 14430507317 a composite number?
False
Is 27264018398 composite?
True
Is 40883071 a composite number?
False
Is 2755317251 a prime number?
False
Is 1003516819 a composite number?
False
Is 127467443 a composite number?
True
Is 449409151 prime?
True
Is 4355579381 composite?
False
Is 74206979841 prime?
False
Is 998254247 prime?
False
Is 1320695269 a prime number?
False
Is 35406235213 a composite number?
True
Is 6759722303 prime?
True
Is 48219372295 a composite number?
True
Is 34009417241 a prime number?
False
Is 2173406909 prime?
True
Is 306419629 a composite number?
False
Is 45919685807 a prime number?
False
Is 11283637 a composite number?
True
Is 5588444879 prime?
True
Is 1257621623 a prime number?
False
Is 626997127 a prime number?
True
Is 43546046137 a composite number?
True
Is 6326470303 a composite number?
False
Is 23782819 composite?
True
Is 2225451829 composite?
False
Is 31338684521 composite?
False
Is 422086597 a prime number?
False
Is 72729023573 composite?
False
Is 2756195077 a prime number?
False
Is 3023428649 prime?
True
Is 7780079449 prime?
False
Is 36205947979 prime?
True
Is 41968946867 composite?
False
Is 9917723207 prime?
False
Is 83620652527 a prime number?
True
Is 13184471827 composite?
False
Is 29169367471 composite?
True
Is 2066340607 a composite number?
False
Is 100541324855 prime?
False
Is 60937512137 composite?
False
Is 21990286111 a composite number?
False
Is 2220132943 composite?
True
Is 9477937779 a prime number?
False
Is 27247518011 a prime number?
False
Is 62578587959 a composite number?
False
Is 26501253699 prime?
False
Is 333394631 composite?
True
Is 495798643 a prime number?
False
Is 103234878491 a composite number?
False
Is 19359384719 a composite number?
False
Is 1276991389 prime?
False
Is 117326751131 a composite number?
True
Is 605042969 a composite number?
True
Is 2196257681 composite?
False
Is 14255047051 composite?
True
Is 20780718691 a prime number?
True
Is 9108224803 prime?
True
Is 130352297 composite?
True
Is 22912587611 a composite number?
False
Is 5417237759 composite?
False
Is 12389811289 a composite number?
True
Is 192544409 prime?
False
Is 661679299 composite?
False
Is 469406026 a prime number?
False
Is 1738004849 a composite number?
True
Is 288317825783 composite?
True
Is 45308383 prime?
False
Is 52807247 a composite number?
False
Is 50785630921 composite?
False
Is 61520900501 a composite number?
False
Is 367881169 composite?
False
Is 9933660221 prime?
True
Is 3481712873 a prime number?
False
Is 1836138761 a composite number?
False
Is 288622613 a composite number?
True
Is 3883953833 prime?
True
Is 369728408811 composite?
True
Is 5545816931 composite?
False
Is 185551363421 composite?
True
Is 71360833 a prime number?
False
Is 95554562 a composite number?
True
Is 24160758631 composite?
False
Is 4130956963 prime?
False
Is 31134517 prime?
True
Is 16484102 composite?
True
Is 100252459 prime?
True
Is 7228119337 a prime number?
True
Is 64337022241 a prime number?
True
Is 524394341 a composite number?
False
Is 25052316379 composite?
False
Is 195684253 a prime number?
False
Is 4756113671 a prime number?
True
Is 407176163 composite?
True
Is 2929896773 a prime number?
False
Is 53197418158 composite?
True
Is 921998